by 256?
218
What is the remainder when 390683 is divided by 188?
19
Calculate the remainder when 280886 is divided by 697.
692
What is the remainder when 10787 is divided by 3590?
17
Calculate the remainder when 567 is divided by 169.
60
Calculate the remainder when 129311 is divided by 1724.
11
Calculate the remainder when 57565 is divided by 389.
382
Calculate the remainder when 166723 is divided by 56.
11
Calculate the remainder when 22802 is divided by 76.
2
What is the remainder when 130469 is divided by 32617?
1
What is the remainder when 3612 is divided by 452?
448
Calculate the remainder when 1094944 is divided by 547472.
0
What is the remainder when 89458 is divided by 145?
138
What is the remainder when 1747 is divided by 293?
282
What is the remainder when 11420 is divided by 876?
32
Calculate the remainder when 40341 is divided by 74.
11
What is the remainder when 4714 is divided by 14?
10
What is the remainder when 6033 is divided by 15?
3
What is the remainder when 18158 is divided by 2267?
22
Calculate the remainder when 12787 is divided by 277.
45
What is the remainder when 26177 is divided by 8685?
122
What is the remainder when 4870 is divided by 196?
166
Calculate the remainder when 17640 is divided by 151.
124
What is the remainder when 21948 is divided by 1222?
1174
What is the remainder when 375343 is divided by 104?
7
What is the remainder when 977 is divided by 226?
73
What is the remainder when 646310 is divided by 64631?
0
What is the remainder when 1361484 is divided by 340370?
4
Calculate the remainder when 81 is divided by 51.
30
Calculate the remainder when 8189 is divided by 130.
129
Calculate the remainder when 30067 is divided by 33.
4
Calculate the remainder when 29062 is divided by 53.
18
Calculate the remainder when 31575 is divided by 789.
15
What is the remainder when 20056 is divided by 69?
46
Calculate the remainder when 559 is divided by 222.
115
What is the remainder when 4833 is divided by 93?
90
Calculate the remainder when 26111 is divided by 4350.
11
What is the remainder when 23057 is divided by 26?
21
What is the remainder when 9139 is divided by 21?
4
What is the remainder when 750 is divided by 651?
99
Calculate the remainder when 1176 is divided by 860.
316
What is the remainder when 210592 is divided by 5014?
4
What is the remainder when 548324 is divided by 101?
96
What is the remainder when 4255802 is divided by 217?
215
What is the remainder when 664 is divided by 205?
49
What is the remainder when 1753 is divided by 203?
129
Calculate the remainder when 16099 is divided by 70.
69
Calculate the remainder when 84236 is divided by 149.
51
What is the remainder when 602 is divided by 200?
2
Calculate the remainder when 40930 is divided by 1665.
970
What is the remainder when 8195 is divided by 50?
45
What is the remainder when 675 is divided by 22?
15
What is the remainder when 20172 is divided by 39?
9
What is the remainder when 350318 is divided by 20606?
16
What is the remainder when 39306 is divided by 2801?
92
Calculate the remainder when 47534 is divided by 3.
2
Calculate the remainder when 3649 is divided by 34.
11
Calculate the remainder when 17650 is divided by 1855.
955
Calculate the remainder when 2318 is divided by 3.
2
What is the remainder when 26770 is divided by 315?
310
Calculate the remainder when 1337894 is divided by 14.
12
Calculate the remainder when 135637 is divided by 63.
61
What is the remainder when 551 is divided by 61?
2
Calculate the remainder when 11649 is divided by 776.
9
Calculate the remainder when 67046 is divided by 18.
14
Calculate the remainder when 14399 is divided by 899.
15
What is the remainder when 585151 is divided by 8?
7
Calculate the remainder when 8186 is divided by 170.
26
Calculate the remainder when 128233 is divided by 309.
307
What is the remainder when 150894 is divided by 1677?
1641
Calculate the remainder when 5906 is divided by 1409.
270
What is the remainder when 44113 is divided by 2593?
32
Calculate the remainder when 362701 is divided by 302.
301
Calculate the remainder when 186313 is divided by 11.
6
What is the remainder when 30455 is divided by 216?
215
Calculate the remainder when 6872 is divided by 6758.
114
What is the remainder when 466304 is divided by 214?
212
Calculate the remainder when 298641 is divided by 162.
75
Calculate the remainder when 16570 is divided by 367.
55
What is the remainder when 1234 is divided by 430?
374
What is the remainder when 44608 is divided by 1652?
4
Calculate the remainder when 172592 is divided by 341.
46
Calculate the remainder when 74674 is divided by 9321.
106
Calculate the remainder when 1460 is divided by 294.
284
Calculate the remainder when 749931 is divided by 1181.
1177
Calculate the remainder when 265034 is divided by 6464.
10
Calculate the remainder when 73071 is divided by 24353.
12
What is the remainder when 9457 is divided by 4724?
9
What is the remainder when 2153 is divided by 7?
4
Calculate the remainder when 1451 is divided by 1347.
104
Calculate the remainder when 701560 is divided by 609.
601
Calculate the remainder when 55027 is divided by 27453.
121
Calculate the remainder when 45610 is divided by 126.
124
Calculate the remainder when 16485 is divided by 47.
35
What is the remainder when 8714 is divided by 80?
74
Calculate the remainder when 2189 is divided by 275.
264
Calculate the remainder when 3313 is divided by 26.
11
What is the remainder when 219673 is divided by 442?
441
What is the remainder when 1033 is divided by 107?
70
What is the remainder when 66157 is divided by 607?
601
What is the remainder when 20653 is divided by 73?
67
What is the remainder when 8160 is divided by 106?
104
Calculate the remainder when 15710 is divided by 212.
22
What is the remainder when 8453 is divided by 5?
3
What is the remainder when 30369 is divided by 99?
75
Calculate the remainder when 21165 is divided by 58.
53
What is the remainder when 12870 is divided by 65?
0
Calculate the remainder when 47236 is divided by 844.
816
Calculate the remainder when 3069 is divided by 32.
29
Calculate the remainder when 1017739 is divided by 168.
163
Calculate the remainder when 18445 is divided by 419.
9
Calculate the remainder when 731606 is divided by 8922.
2
What is the remainder when 230673 is divided by 1891?
1862
Calculate the remainder when 18123 is divided by 9.
6
What is the remainder when 12993 is divided by 811?
17
What is the remainder when 946 is divided by 183?
31
Calculate the remainder when 1910 is divided by 560.
230
What is the remainder when 2120 is divided by 96?
8
What is the remainder when 731 is divided by 119?
17
What is the remainder when 355 is divided by 115?
10
What is the remainder when 1032 is divided by 750?
282
What is the remainder when 10130 is divided by 13?
3
What is the remainder when 10313 is divided by 167?
126
Calculate the remainder when 251440 is divided by 45.
25
Calculate the remainder when 813 is divided by 411.
402
Calculate the remainder when 363835 is divided by 9.
1
Calculate the remainder when 29230 is divided by 406.
404
Calculate the remainder when 655 is divided by 12.
7
What is the remainder when 1153 is divided by 145?
138
What is the remainder when 17063 is divided by 5519?
506
Calculate the remainder when 531 is divided by 111.
87
Calculate the remainder when 16277 is divided by 16212.
65
Calculate the remainder when 7367 is divided by 205.
192
What is the remainder when 81110 is divided by 161?
127
What is the remainder when 2119 is divided by 141?
4
What is the remainder when 58945 is divided by 634?
617
Calculate the remainder when 68593 is divided by 11421.
67
Calculate the remainder when 26799 is divided by 400.
399
What is the remainder when 4669 is divided by 57?
52
What is the remainder when 57396 is divided by 205?
201
Calculate the remainder when 20840 is divided by 219.
35
What is the remainder when 1806 is divided by 130?
116
What is the remainder when 1432 is divided by 593?
246
What is the remainder when 9122 is divided by 27?
23
What is the remainder when 1890 is divided by 238?
224
What is the remainder when 109035 is divided by 31?
8
What is the remainder when 42220 is divided by 2?
0
Calculate the remainder whe